{"id":16174,"date":"2023-08-11T17:37:05","date_gmt":"2023-08-11T17:37:05","guid":{"rendered":"https:\/\/www.mairipora.sp.gov.br\/cultura\/?page_id=16174"},"modified":"2023-09-25T16:51:47","modified_gmt":"2023-09-25T16:51:47","slug":"feam_1edicao","status":"publish","type":"page","link":"https:\/\/mairipora.sp.gov.br\/cultura\/feam_1edicao\/","title":{"rendered":"FEAM &#8211; 1\u00aa Edi\u00e7\u00e3o do Festival Estudantil de Artes de Mairipor\u00e3"},"content":{"rendered":"<p><img decoding=\"async\" src=\"https:\/\/www.mairipora.sp.gov.br\/cultura\/wp-content\/uploads\/2023\/08\/FEAM-SITE.jpg\" \/><\/p>\n<h4><strong>O Primeiro Festival Estudantil de Artes de Mairipor\u00e3 (FEAM) d\u00e1 as boas vindas \u00e0 voc\u00ea, aluna(o) da rede de ensino de Mairipor\u00e3,<\/strong> que deseja se inscrever nesse evento in\u00e9dito realizado pela Prefeitura de Mairipor\u00e3 atrav\u00e9s da Secret\u00e1ria Municipal de Cultura.<\/h4>\n<p>As linguagens art\u00edsticas do nosso festival ser\u00e3o:<\/p>\n<ul>\n<li>\n<h4>Audiovisual &#8211; v\u00eddeos de at\u00e9 1 minuto<\/h4>\n<\/li>\n<li>\n<h4>Dan\u00e7a &#8211; coletivo e individual<\/h4>\n<\/li>\n<li>\n<h4>Desenho &#8211; categoria livre<\/h4>\n<\/li>\n<li>\n<h4>Fotografia &#8211; categoria livre<\/h4>\n<\/li>\n<li>\n<h4>M\u00fasica &#8211; autoral<\/h4>\n<\/li>\n<li>\n<h4>Poesia &#8211; categoria livre<\/h4>\n<\/li>\n<\/ul>\n<p>As inscri\u00e7\u00f5es est\u00e3o abertas do dia <strong>14\/08<\/strong> ao dia <strong>01\/10<\/strong>. E lembre-se, para que a inscri\u00e7\u00e3o seja feita, voc\u00ea j\u00e1 deve enviar o seu trabalho utilizando o <a href=\"https:\/\/forms.gle\/Yqw3LfuXHSuSnfQ79\" target=\"_blank\" rel=\"noopener\"><strong>FORMUL\u00c1RIO PADR\u00c3O<\/strong><\/a>.<\/p>\n<h4><a href=\"https:\/\/www.mairipora.sp.gov.br\/cultura\/wp-content\/uploads\/2023\/08\/FEAM-Regulamento.pdf\" target=\"_blank\" rel=\"noopener\"><strong># REGULAMENTO COMPLETO<\/strong><\/a><\/h4>\n<p>Regras resumidas::<\/p>\n<h4><b>\/\/\/ Inscri\u00e7\u00f5es<\/b><\/h4>\n<p>O FEAM tem duas etapas:<\/p>\n<ol>\n<li style=\"font-weight: 400;\" aria-level=\"1\">Etapa de inscri\u00e7\u00e3o e sele\u00e7\u00e3o de trabalhos, que voc\u00ea pode come\u00e7ar aqui! <strong><a href=\"https:\/\/forms.gle\/Yqw3LfuXHSuSnfQ79\" target=\"_blank\" rel=\"noopener\">FORMUL\u00c1RIO PADR\u00c3O<\/a><\/strong><\/li>\n<\/ol>\n<ol>\n<li style=\"font-weight: 400;\" aria-level=\"1\">Mostra Final \u2013 etapa de apresenta\u00e7\u00e3o, avalia\u00e7\u00e3o e premia\u00e7\u00e3o dos trabalhos finalistas.<\/li>\n<\/ol>\n<p>&nbsp;<\/p>\n<h4><b><i>\/\/\/ Quem pode se inscrever?<\/i><\/b><\/h4>\n<p>Alunos e alunos que tenham v\u00ednculo com a rede de ensino de Mairipor\u00e3.<br \/>\n<em>Pergunta:<\/em><br \/>\nAh, mas eu tenho uma banda, um grupo de dan\u00e7a, um coletivo de audiovisual e uma (algumas)\u00a0 das pessoas n\u00e3o est\u00e1 mais no Ensino M\u00e9dio, eu posso inscrever meu grupo?<br \/>\n<em>Resposta:<\/em><br \/>\nPode sim. Desde que esse grupo seja composto por pelo menos 30% de estudantes da rede de ensino de Mairipor\u00e3 e a inscri\u00e7\u00e3o seja feita por algu\u00e9m vinculado a uma escola.<\/p>\n<h4><b><i>\/\/\/ Datas<\/i><\/b><\/h4>\n<p>As obras e trabalhos selecionados e classificados para a Mostra Final, ser\u00e3o divulgados entre os dias 3 e 10 de outubro.<br \/>\nA Semana de Premia\u00e7\u00e3o ocorrer\u00e1 dos dias 16 a 20 de outubro, no Barrac\u00e3o da Cultura.*<br \/>\n&#8211; Al\u00e9m da divulga\u00e7\u00e3o dos classificados que ser\u00e1 disponibilizada nesta Plataforma da Cultura os respons\u00e1veis pelos trabalhos selecionados para a Mostra Final, ser\u00e3o informados tamb\u00e9m via e-mail e\/ou whatsapp.<br \/>\n<img decoding=\"async\" src=\"https:\/\/www.mairipora.sp.gov.br\/cultura\/wp-content\/uploads\/2023\/08\/1o-Festival-Estudantil-de-artes_-FEAM-Mairipora_-Cultura-Mairipora.jpeg\" \/><br \/>\n<b>__________\u00a0 \u00a0REGULAMENTOS ESPEC\u00cdFICOS\u00a0 __________\u00a0<\/b><\/p>\n<h4><strong>&#8211; &#8211; &#8211; &#8211; &#8211; &#8211; &#8211;\u00a0 <\/strong><strong>A) AUDIOVISUAL\u00a0<\/strong><\/h4>\n<p><strong>Art 1.<\/strong> &#8211; Ser\u00e3o aceitos v\u00eddeos de NO M\u00c1XIMO 1 minuto de dura\u00e7\u00e3o, gravados na orienta\u00e7\u00e3o vertical ou horizontal, excluindo cr\u00e9ditos.<br \/>\n<strong>Art. 2<\/strong> &#8211; Ser\u00e3o aceitos os seguintes g\u00eaneros com tema livre:<\/p>\n<ol>\n<li>Anima\u00e7\u00e3o;<\/li>\n<li>Fic\u00e7\u00e3o;<\/li>\n<\/ol>\n<p>III. Document\u00e1rio;<\/p>\n<ol>\n<li>V\u00eddeo-arte;<\/li>\n<li>V\u00eddeo-clipe; e<\/li>\n<li>Conte\u00fado para redes sociais.<\/li>\n<\/ol>\n<p><strong>Art. 3\u00ba<\/strong> &#8211; Os trabalhos inscritos ser\u00e3o avaliados por Comiss\u00e3o Espec\u00edfica, prevista no regulamento geral, e levar\u00e3o em considera\u00e7\u00e3o dois crit\u00e9rios:<\/p>\n<ol>\n<li>Criatividade;<\/li>\n<li>Roteiro.<\/li>\n<\/ol>\n<p><strong>Art. 4\u00ba<\/strong> &#8211; Os participantes podem usar os softwares e programas desejados para Edi\u00e7\u00e3o de V\u00eddeo e \u00e1udio e ser\u00e1 avaliada em conson\u00e2ncia com os crit\u00e9rios descritos no Art.3\u00ba deste regulamento espec\u00edfico para a categoria AUDIOVISUAL.<br \/>\n<strong>Art. 5\u00ba<\/strong> &#8211; A aten\u00e7\u00e3o com a capta\u00e7\u00e3o de \u00e1udio e v\u00eddeo ser\u00e1 um crit\u00e9rio de avalia\u00e7\u00e3o em conson\u00e2ncia com os crit\u00e9rios descritos no Art. 3\u00ba deste regulamento espec\u00edfico.<br \/>\n<strong>Art. 6\u00ba<\/strong> &#8211; Os v\u00eddeos selecionados ser\u00e3o exibidos durante a Mostra Final em datas a serem definidas pela Secretaria Municipal de Cultura.<\/p>\n<h4><strong>&#8211; &#8211; &#8211; &#8211; &#8211; &#8211; &#8211; B) DAN\u00c7A\u00a0<\/strong><\/h4>\n<p>Art. 1\u00ba \u2013 Ser\u00e3o aceitas apresenta\u00e7\u00f5es de dan\u00e7a com tem\u00e1tica livre.<br \/>\nArt. 2\u00ba \u2013 Ser\u00e3o considerados como crit\u00e9rios para sele\u00e7\u00e3o e avalia\u00e7\u00e3o:<\/p>\n<ol>\n<li>Performance<\/li>\n<li>Originalidade<\/li>\n<\/ol>\n<p>III. Coreografia<br \/>\nArt. 3\u00ba \u2013 As apresenta\u00e7\u00f5es de dan\u00e7a podem ser tanto individuais quanto coletivas.<br \/>\nArt. 4\u00ba \u2013 Os selecionados na categoria se apresentar\u00e3o ao vivo na semana da Mostra Final.<\/p>\n<h4><strong>&#8211; &#8211; &#8211; &#8211; &#8211; &#8211; &#8211;\u00a0C) DESENHO\u00a0<\/strong><\/h4>\n<p>Art. 1\u00ba &#8211; O Desenho \u00e9 de tem\u00e1tica livre, devendo ser feito a pr\u00f3prio punho, em tamanho que varie entre A2, A3 ou A4 de folha sulfite.<br \/>\nArt. 2\u00ba \u2013 Ser\u00e3o aceitas produ\u00e7\u00f5es de pintura em tela que respeitem os tamanhos descritos no Art. 1\u00ba deste regulamento espec\u00edfico para a categoria DESENHO.<br \/>\nArt. 3\u00ba &#8211; Ser\u00e3o crit\u00e9rios de avalia\u00e7\u00e3o:<\/p>\n<ol>\n<li>Originalidade<\/li>\n<li>T\u00e9cnica<\/li>\n<\/ol>\n<p>Art. 4\u00ba \u2013 Os desenhos e pinturas selecionados ficar\u00e3o expostos durante a semana da Mostra Final.<\/p>\n<h4><strong>&#8211; &#8211; &#8211; &#8211; &#8211; &#8211; &#8211;\u00a0D) FOTOGRAFIA\u00a0<\/strong><\/h4>\n<p>Art. 1\u00ba \u2013 As fotografias s\u00e3o de tem\u00e1tica livre.<br \/>\nArt. 2\u00ba &#8211; Ser\u00e3o considerados crit\u00e9rios para avalia\u00e7\u00e3o:<\/p>\n<ol>\n<li>Enquadramento<\/li>\n<li>Luz<\/li>\n<\/ol>\n<p>III. Originalidade<br \/>\nArt. 3\u00ba \u2013 As fotografias dever\u00e3o conter um t\u00edtulo e uma breve sinopse do que foi pensado acerca do projeto.<br \/>\nArt. 4\u00ba \u2013 As fotografias ficar\u00e3o expostas durante a semana da Mostra Final.<\/p>\n<h4><strong>&#8211; &#8211; &#8211; &#8211; &#8211; &#8211; &#8211;\u00a0E) M\u00daSICA\u00a0<\/strong><\/h4>\n<p>Art 1\u00ba \u2013 As m\u00fasicas para o processo de sele\u00e7\u00e3o s\u00e3o de tem\u00e1tica livre e dever\u00e3o ser obrigatoriamente trabalhos autorais.<br \/>\nArt 2\u00ba &#8211; S\u00e3o permitidas apresenta\u00e7\u00f5es tanto individuais quanto coletivas.<br \/>\nArt. 3\u00ba \u2013 Os selecionados nessa categoria apresentar\u00e3o ao vivo a m\u00fasica autoral inscrita e uma cover (de outro autor) de pr\u00f3pria escolha, durante a Mostra Final.<\/p>\n<h4><strong>&#8211; &#8211; &#8211; &#8211; &#8211; &#8211; &#8211;\u00a0F) POESIA\u00a0<\/strong><\/h4>\n<p>Art. 1\u00ba \u2013 A tem\u00e1tica para elabora\u00e7\u00e3o de poemas \u00e9 livre.<br \/>\nArt. 2\u00ba \u2013 Ser\u00e3o avaliados os seguintes crit\u00e9rios para sele\u00e7\u00e3o:<\/p>\n<ol>\n<li>Originalidade<\/li>\n<\/ol>\n<p>Art. 3 \u2013 Os poemas ser\u00e3o expostos na Mostra Final.<br \/>\nArt. 4 \u2013 Os selecionados ser\u00e3o convidados a ler as pr\u00f3prias produ\u00e7\u00f5es na semana da Mostra Final.<\/p>\n<p style=\"text-align: center;\">REALIZA\u00c7\u00c3O<\/p>\n<p><img decoding=\"async\" src=\"https:\/\/www.mairipora.sp.gov.br\/cultura\/wp-content\/uploads\/2023\/06\/LOGO-PRETA-PNG.png\" width=\"479\" height=\"97\" \/><\/p>\n<p style=\"text-align: center;\">.<\/p>\n<p style=\"text-align: center;\">.<\/p>\n<p style=\"text-align: center;\">.<\/p>\n<p><a href=\"https:\/\/www.mairipora.sp.gov.br\/cultura\/feamdicas\/\"><br \/>\nClique aqui e confira as dicas t\u00e9cnias<br \/>\n<\/a><\/p>\n","protected":false},"excerpt":{"rendered":"<p>O Primeiro Festival Estudantil de Artes de Mairipor\u00e3 (FEAM) d\u00e1 as boas vindas \u00e0 voc\u00ea, aluna(o) da rede de ensino de Mairipor\u00e3, que deseja se&hellip; <a class=\"continue\" href=\"https:\/\/mairipora.sp.gov.br\/cultura\/feam_1edicao\/\">Continue Reading<span> FEAM &#8211; 1\u00aa Edi\u00e7\u00e3o do Festival Estudantil de Artes de Mairipor\u00e3<\/span><\/a><\/p>\n","protected":false},"author":1,"featured_media":0,"parent":0,"menu_order":0,"comment_status":"closed","ping_status":"closed","template":"","meta":{"footnotes":""},"class_list":["post-16174","page","type-page","status-publish","hentry"],"_links":{"self":[{"href":"https:\/\/mairipora.sp.gov.br\/cultura\/wp-json\/wp\/v2\/pages\/16174","targetHints":{"allow":["GET"]}}],"collection":[{"href":"https:\/\/mairipora.sp.gov.br\/cultura\/wp-json\/wp\/v2\/pages"}],"about":[{"href":"https:\/\/mairipora.sp.gov.br\/cultura\/wp-json\/wp\/v2\/types\/page"}],"author":[{"embeddable":true,"href":"https:\/\/mairipora.sp.gov.br\/cultura\/wp-json\/wp\/v2\/users\/1"}],"replies":[{"embeddable":true,"href":"https:\/\/mairipora.sp.gov.br\/cultura\/wp-json\/wp\/v2\/comments?post=16174"}],"version-history":[{"count":20,"href":"https:\/\/mairipora.sp.gov.br\/cultura\/wp-json\/wp\/v2\/pages\/16174\/revisions"}],"predecessor-version":[{"id":16744,"href":"https:\/\/mairipora.sp.gov.br\/cultura\/wp-json\/wp\/v2\/pages\/16174\/revisions\/16744"}],"wp:attachment":[{"href":"https:\/\/mairipora.sp.gov.br\/cultura\/wp-json\/wp\/v2\/media?parent=16174"}],"curies":[{"name":"wp","href":"https:\/\/api.w.org\/{rel}","templated":true}]}}